61 prime?
False
Is 32641 composite?
True
Is 325027 composite?
False
Is 26747 a prime number?
False
Is 75171 a prime number?
False
Is 10529 prime?
True
Is 1597973 prime?
False
Is 23977 prime?
True
Is 2027 prime?
True
Is 85535 a prime number?
False
Is 231443 composite?
False
Is 228297 composite?
True
Is 1847 prime?
True
Is 3774539 prime?
False
Is 17947 a composite number?
True
Is 228299 composite?
False
Is 4783 a prime number?
True
Is 447 composite?
True
Is 500231 composite?
False
Is 6899 a prime number?
True
Is 52769 a prime number?
True
Is 6385 a composite number?
True
Is 268003 composite?
False
Is 405047 a prime number?
True
Is 79295 composite?
True
Is 2173 a prime number?
False
Is 247633 a prime number?
True
Is 1191809 prime?
True
Is 136769 a prime number?
True
Is 325073 a prime number?
False
Is 34457 composite?
False
Is 679951 composite?
False
Is 9923 a prime number?
True
Is 229987 a composite number?
True
Is 2773 a prime number?
False
Is 386219 prime?
True
Is 4499 a composite number?
True
Is 49481 composite?
False
Is 19541 a composite number?
False
Is 1415759 composite?
True
Is 2609 a prime number?
True
Is 3379195 composite?
True
Is 1739 a prime number?
False
Is 34141 a composite number?
False
Is 1637 a composite number?
False
Is 383291 a prime number?
True
Is 307 prime?
True
Is 10529 a composite number?
False
Is 164914 prime?
False
Is 21283 composite?
False
Is 42923 composite?
False
Is 184019 prime?
False
Is 564035 a composite number?
True
Is 346891 prime?
True
Is 6547 a composite number?
False
Is 305203 a prime number?
False
Is 379 prime?
True
Is 29779 a composite number?
True
Is 5623 a composite number?
False
Is 16007 composite?
False
Is 181549 a prime number?
True
Is 13259 a prime number?
True
Is 11467 prime?
True
Is 122117 a composite number?
False
Is 1240973 a composite number?
False
Is 128591 prime?
True
Is 76871 a composite number?
False
Is 14471 composite?
True
Is 183497 prime?
True
Is 2657 composite?
False
Is 89047 a prime number?
False
Is 34997 a composite number?
True
Is 220283 a composite number?
True
Is 1733 a composite number?
False
Is 1321901 composite?
True
Is 30029 prime?
True
Is 3589 a composite number?
True
Is 6907 prime?
True
Is 581137 prime?
True
Is 200743 composite?
True
Is 109633 composite?
True
Is 6096407 a prime number?
True
Is 17371 prime?
False
Is 2719 a composite number?
False
Is 298 a prime number?
False
Is 24593 composite?
False
Is 782281 a prime number?
False
Is 10895 composite?
True
Is 1561919 prime?
True
Is 541 prime?
True
Is 113891 prime?
True
Is 53809 a prime number?
False
Is 418423 composite?
False
Is 5363 a composite number?
True
Is 30907 a composite number?
True
Is 134103 composite?
True
Is 42709 a composite number?
False
Is 43601 a composite number?
True
Is 64747 a composite number?
False
Is 16574 a prime number?
False
Is 49139 prime?
True
Is 50627 prime?
True
Is 42977 a prime number?
False
Is 1147537 prime?
False
Is 571259 a prime number?
False
Is 1408111 composite?
False
Is 42557 composite?
False
Is 51971 a composite number?
False
Is 10487 a composite number?
False
Is 489139 a prime number?
False
Is 84377 prime?
True
Is 50221 prime?
True
Is 9897 a prime number?
False
Is 7129 composite?
False
Is 410299 prime?
True
Is 2897 a prime number?
True
Is 113647 a composite number?
False
Is 36973 a composite number?
False
Is 345979 a prime number?
True
Is 6673 a composite number?
False
Is 2189081 prime?
True
Is 1416719 prime?
False
Is 543011 composite?
True
Is 877 a prime number?
True
Is 73009 a prime number?
True
Is 28415 a composite number?
True
Is 363635 a prime number?
False
Is 4643 prime?
True
Is 225689 prime?
True
Is 17881 composite?
False
Is 178127 prime?
True
Is 44641 prime?
True
Is 42467 prime?
True
Is 77897 prime?
False
Is 3397 a composite number?
True
Is 3721 composite?
True
Is 683881 a composite number?
True
Is 23497 a composite number?
False
Is 1511 prime?
True
Is 58271 a prime number?
True
Is 25582 prime?
False
Is 140297 prime?
True
Is 5461 a prime number?
False
Is 985177 composite?
False
Is 2939 prime?
True
Is 29629 a composite number?
False
Is 528559 composite?
False
Is 7331 a composite number?
False
Is 189013 a composite number?
True
Is 633649 a prime number?
True
Is 334 composite?
True
Is 662383 a prime number?
False
Is 29521 a prime number?
False
Is 23717 composite?
True
Is 26479 a prime number?
True
Is 96337 prime?
True
Is 245297 composite?
True
Is 55 a prime number?
False
Is 58817 a prime number?
False
Is 13793 a composite number?
True
Is 35349 a composite number?
True
Is 1147 a prime number?
False
Is 20477 composite?
False
Is 42827 composite?
True
Is 22051 composite?
False
Is 10213 prime?
False
Is 20469 composite?
True
Is 53653 prime?
True
Is 48814 composite?
True
Is 22187 a composite number?
True
Is 188107 prime?
True
Is 10589 prime?
True
Is 101221 a composite number?
False
Is 55147 a composite number?
False
Is 1931 prime?
True
Is 111278 a prime number?
False
Is 2731 composite?
False
Is 7609 a composite number?
True
Is 478957 composite?
True
Is 718379 a composite number?
False
Is 19207 composite?
False
Is 3957 a prime number?
False
Is 6134 a composite number?
True
Is 279847 composite?
False
Is 29347 a composite number?
False
Is 1713251 a prime number?
True
Is 661639 composite?
True
Is 265957 prime?
True
Is 7279 a prime number?
False
Is 1112239 prime?
True
Is 365669 a prime number?
True
Is 1709 a prime number?
True
Is 66499 prime?
True
Is 104569 composite?
True
Is 908177 a composite number?
True
Is 21943 a composite number?
False
Is 3163 prime?
True
Is 174569 a prime number?
True
Is 28447 a composite number?
False
Is 144103 a prime number?
True
Is 3546781 a composite number?
True
Is 187994 a composite number?
True
Is 44947 composite?
True
Is 58469 a composite number?
True
Is 3079 composite?
False
Is 7773 composite?
True
Is 203549 a composite number?
False
Is 128182 a composite number?
True
Is 384737 composite?
False
Is 25943 a composite number?
False
Is 160841 prime?
True
Is 55799 a composite number?
False
Is 197821 composite?
True
Is 171287 prime?
False
Is 1583405 a prime number?
False
Is 34691 prime?
False
Is 21953 prime?
False
Is 4661 composite?
True
Is 21661 prime?
True
Is 16715 a prime number?
False
Is 74967 prime?
False
Is 29167 a prime number?
True
Is 1147 prime?
False
Is 3821 a prime number?
True
Is 350347 composite?
False
Is 13141 a composite number?
True
Is 5039 a composite number?
False
Is 7853 composite?
False
Is 28051 prime?
True
Is 23159 composite?
False
Is 564887 a composite number?
True
Is 2237 composite?
False
Is 86107 a prime number?
False
Is 25985 composite?
True
Is 33871 prime?
True
Is 42879 composite?
True
Is 57481 a composite number?
True
Is 165889 a composite number?
True
Is 766 prime?
False
Is 3127 prime?
False
Is 21247 composite?
False
Is 1639 prime?
False
Is 12071 composite?
False
Is 789823 prime?
True
Is 1668113 prime?
True
Is 84191 prime?
True
Is 74794 prime?
False
Is 49142 composite?
True
Is 466219 a prime number?
False
Is 348307 a prime number?
True
Is 1627309 a prime number?
True
Is 31942 a composite number?
True
Is 4373 prime?
True
Is 3118 prime?
False
Is 14501 prime?
False
Is 813407 composite?
True
Is 766901 prime?
True
Is 19517 a composite number?
True
Is 2361 prime?
False
Is 9242 a prime number?
False
Is 140711 a prime number?
False
Is 22262 a prime number?
False
Is 621217 composite?
False
Is 4663 prime?
True
Is 551191 prime?
False
Is 164323 composite?
True
Is 63373 composite?
True
Is 6991 a prime number?
True
Is 437263 prime?
True
Is 51293 prime?
False
Is 44491 a prime number?
True
Is 57929 a prime number?
False
Is 534838 a composite number?
True
Is 7741 a composite number?
False
Is 448139 a prime number?
True
Is 499711 a prime number?
True
Is 3947 prime?
True
Is 84299 composite?
False
Is 93047 prime?
True
Is 1567 a composite number?
False
Is 619247 prime?
True
Is 1249 a prime number?
True
Is 292055 prime?
False
Is 361843 a prime number?
True
Is 199 a composite number?
False
Is 12097 a composite number?
False
Is 3659 prime?
True
Is 23803 composite?
True
Is 1123051 composite?
False
Is 487 prime?
True
Is 89458 a prime number?
False
Is 8861 composite?
False
Is 19937 prime?
True
Is 1007 a prime number?
False
Is 24197 prime?
True
Is 7318 prime?
False
I